- 105/5*1. Let c = d - -22. Calculate the remainder when (-2)/(-2)*(19 + -1) is divided by c.
3
Suppose -208 + 138 = -70*t. What is the remainder when t is divided by (0 + -2)/(3 - 5)?
0
Let t(h) = -5*h - 3. Let y(g) = g**3 + 66*g**2 - 133*g + 209. Calculate the remainder when t(-5) is divided by y(-68).
2
Suppose 4*t - 242 = -74. What is the remainder when t is divided by 28?
14
Suppose 0 = -22*h + 11*h + 33. What is the remainder when 10 is divided by h?
1
Suppose 5*r = y + 107, -3*r = -8*r + 5*y + 115. What is the remainder when 101 is divided by r?
17
Let o(b) = -b**2 + 16*b - 7. Calculate the remainder when 142 is divided by o(11).
46
Let i(p) = 3*p**2 - 13*p - 174. What is the remainder when 206 is divided by i(-7)?
14
Suppose 4 = 4*j - 3*z + z, z - 8 = -3*j. Suppose 4*f - o = 22, -j*f - 3*o + 16 = -o. Calculate the remainder when f is divided by 2.
0
Let t = 170 + -166. Suppose -5*f + 3*x = -f - 20, 2*f + 2*x = -4. What is the remainder when t is divided by f?
0
Let k = -92 - -149. Let m = k - 31. Suppose 0*i + m = 2*i. What is the remainder when 22 is divided by i?
9
Let m(o) = o**3 + 33*o**2 - 16*o - 510. Calculate the remainder when 370 is divided by m(-33).
10
Suppose -12*z - 5 = -11*z, 2*u = -z + 419. What is the remainder when u is divided by 71?
70
Let t(z) = z**2 - 7*z + 3. What is the remainder when t(7) is divided by 1?
0
Let x(h) = -6*h - 83. Let b = 42 - 61. Calculate the remainder when 121 is divided by x(b).
28
Suppose m = -69 - 117. Let n = 273 + m. What is the remainder when n is divided by 15?
12
Suppose 0 = -3*b + 353 - 47. Suppose 2*l + d - 14 = b, 0 = l - 4*d - 40. Suppose 164 = 4*m - l. Calculate the remainder when m is divided by 14.
13
Let c(k) = 48*k - 291. Calculate the remainder when c(25) is divided by 91.
90
Let x = 1405 + -1389. Calculate the remainder when 285 is divided by x.
13
Suppose 20*o = 16*o + 64. What is the remainder when 26 is divided by o?
10
Let s = 35 - 17. Suppose -4*u - 182 = -7*y + 2*y, 5*y - 158 = -4*u. Calculate the remainder when y is divided by s.
16
Suppose 5*z + 30 = 8*z. Suppose -4*l + 68 = 3*a, -2*l + 45 = a + 9. Let i = l - 3. What is the remainder when i is divided by z?
7
Let q(w) = -w**2 - 26*w - 41. What is the remainder when q(-23) is divided by (-828)/(-81) - (-1 - (-22)/18)?
8
Suppose 0 = 5*f - 62 - 3. Suppose 11*p - f*p = -6. Calculate the remainder when 6 is divided by p.
0
Let v(r) = r**3 + r**2 + 6*r + 5. Let h be v(5). Suppose h = 3*j - s, -3*j + 170 = s + s. What is the remainder when j is divided by 21?
18
Suppose 248*j = 235*j + 273. What is the remainder when j is divided by 2?
1
Let z(i) = -114*i - 7806. Suppose 1 = 4*c - 3*c, c = 5*b - 104. What is the remainder when z(-69) is divided by b?
18
Suppose -4*m = -m - 6. Let h(q) = -9*q - 9. Let v be h(-5). Suppose 4*g - m*g = v. What is the remainder when 70 is divided by g?
16
Calculate the remainder when 158 is divided by (-4407)/(-273) - (-1)/(-7).
14
Let x be (-5 + (-31)/(-5))*(0 - 5). Calculate the remainder when 20 is divided by x/10 + (-165)/(-25).
2
Let x be -6*4 - 15/(-15). Let v = x - -46. What is the remainder when 91 is divided by v?
22
Let m(y) = 3*y + 7. Let w = -52 - -57. Calculate the remainder when 87 is divided by m(w).
21
Suppose 11*o - 1195 = 114. What is the remainder when o is divided by 20?
19
Suppose -3*k + 8*w + 293 = 3*w, 4*k - 4*w - 388 = 0. Calculate the remainder when k is divided by 34.
28
Let a(r) = -r**2 - 6*r - 8. Let h be a(-4). Suppose -2*c - 2*p = -h*c - 40, -4*p + 61 = 3*c. Calculate the remainder when c is divided by 11.
8
Let n be (0 - (-8 - -4) - -3) + -3. Suppose -10*c + 6*c + 56 = n*t, -2*t = -c - 28. Suppose -4*y + 3*y = -25. What is the remainder when y is divided by t?
11
Calculate the remainder when 93 is divided by 5*(-1)/(-10)*64.
29
Let h(b) = -b**3 + 21*b**2 - b + 78. Let j = 12 - -3. What is the remainder when h(21) is divided by j?
12
Let u be (2 - 0 - 1)*5. Let k = u - -11. Let l(n) = -10*n - 9. Calculate the remainder when l(-7) is divided by k.
13
Let j = -3 + 6. Suppose 0*w - 24 = -8*w. Suppose -5*y + 2*v = -19, w*v = -2*y - j*y + 9. What is the remainder when 5 is divided by y?
2
Let t(d) = -4*d - 6. Let o be -6 + 0*5/(-15). What is the remainder when t(o) is divided by 10?
8
Suppose n - 4*n + 3*t = -114, 3*t - 3 = 0. What is the remainder when 77 is divided by n?
38
Let b(p) = -24*p - 9. Calculate the remainder when b(-2) is divided by 7.
4
What is the remainder when (-10)/(-35) - (3795/(-21) + 4) is divided by 30?
27
Let x = 35 + 2. Let d = -1 - 0. What is the remainder when x is divided by d/(-1*2/20)?
7
Suppose 2*v - 7 = 11. Let f(j) = -4*j - 3. Let h be f(-11). Suppose 2*b - h - 7 = 0. Calculate the remainder when b is divided by v.
6
Let z(q) = q + 28. Let p be z(-12). Let y = -7 + p. Let c(f) = f + 3. Calculate the remainder when y is divided by c(0).
0
Suppose -21 - 7 = -4*y. Calculate the remainder when 32 is divided by y.
4
Calculate the remainder when 157 is divided by ((-93)/(-2))/(243/324).
33
Let j = -2 + 21. Let d = -57 - -61. Suppose -11*i + 392 = -d*i. What is the remainder when i is divided by j?
18
Let f(r) = -8*r - 1. Let y be f(-4). Let l = 33 - y. Calculate the remainder when 9 is divided by l.
1
Suppose 5*z = 3*z - 6. Let h be (-6)/z - (-13 - -1). Suppose -6*c = -10 - h. What is the remainder when 4 is divided by c?
0
Suppose p + 30 = 2*p + 5*b, 0 = -2*p + 5*b. What is the remainder when 158 is divided by p?
8
Let m(n) = -2*n**2 - 14*n + 5. Suppose -3*f - 2*j = f - 20, 0 = -3*f - 3*j + 21. Suppose 0*b + f*b = 39. What is the remainder when b is divided by m(-7)?
3
Let y(x) = -x**3 + 3*x**2 + 13*x - 7. What is the remainder when (-4)/(-3)*(-198)/(-12) is divided by y(5)?
6
Suppose -r = 4*y - y - 124, 0 = 2*y - 10. Suppose -3*g + r = -71. Suppose -4*a - 3*c = -g, a = -0*a + 4*c - 4. Calculate the remainder when 33 is divided by a.
9
Calculate the remainder when 902 is divided by (-2 - -7)*(-473)/(-275)*5.
42
Let q be 1/(-4)*-4 + -29. Let p = 37 + q. What is the remainder when 33 is divided by p?
6
Let j be ((-10)/(-15))/(1/(-54)). Let o = 54 + j. Calculate the remainder when (-3)/3 - (-34 + -2) is divided by o.
17
Suppose 16*g - 175 = 11*g. Let v = 460 + -183. What is the remainder when v is divided by g?
32
Let m = -131 + 167. Calculate the remainder when 138 is divided by m.
30
Suppose 0 = -22*h + 1620 + 2846. Calculate the remainder when h is divided by 12.
11
Let h(k) = -k**3 + 10*k**2 + 3*k - 1. Suppose 280 = 12*n + 208. Calculate the remainder when h(10) is divided by n.
5
Calculate the remainder when (-173 - 107)*((-1)/(-2) + -1) is divided by 31.
16
Let m(r) = 0 + r**3 + 2*r**2 + 0*r**3 + 4 + 3*r**3. Let s be m(3). Let p = -92 + s. Calculate the remainder when p is divided by 13.
12
Let c(n) = -3*n**2 + 6*n - 9. Let h be c(6). Let f = h + 85. Calculate the remainder when 17 is divided by f.
1
Suppose -5*s = 2*r + 19, -4*r - 4*s - 13 = -5. Suppose -r*p = -16*p + 117. What is the remainder when 26 is divided by p?
8
Calculate the remainder when 185 is divided by (-1 + 2)/(94/4606).
38
Suppose 2*d + 90 = 320. Suppose -5*b - d = -5*i, 5*i - 3*i = 3*b + 45. What is the remainder when i is divided by 9?
6
Suppose -3*h - 18 = 3*f, -2*f = -5*h - 3*f - 42. Let t(x) = x**2 + 10*x + 18. What is the remainder when 25 is divided by t(h)?
7
Let k(l) = l**3 + 3*l**2 - 10*l - 6. Calculate the remainder when 51 is divided by k(-4).
15
Suppose 0 = 2*q - 60 - 74. Let y(v) = -2*v**2 + 3*v - 2. Let g be y(1). What is the remainder when q is divided by (-3145)/(-136) - g/(-8)?
21
Suppose 0*p + 306 = 6*p. Suppose 4*l + 5*t = p, l + 3*t - 9 = t. Calculate the remainder when 52 is divided by l.
14
Let m(g) = 3*g + 3. Let o be m(0). Suppose 2*n + 6 = 0, 0 = o*x - n - 17 - 25. Calculate the remainder when 50 is divided by x.
11
Suppose 2*g - 10 - 8 = 0. Suppose -10*n + 315 = -725. Suppose 4*y = n + 36. Calculate the remainder when y is divided by g.
8
What is the remainder when ((-132)/(-20) - 7)*-265 is divided by 9?
7
Calculate the remainder when (-3)/15 - 1926/(-30) is divided by 3.
1
Suppose -3*x - 3*n - 21 = 0, 4*x - n - 4*n + 1 = 0. Let j = x - -13. Calculate the remainder when 24 is divided by j.
6
Suppose g = 5*n - 4*g - 85, 0 = -2*n - g + 19. Let